 12.
-23365a
20212113020 (base 4) to base 13
60c0c2
Convert -204586 (base 10) to base 14.
-547b4
5d419 (base 16) to base 7
3150431
Convert -82828 (base 13) to base 6.
-5004324
-2a23a7 (base 16) to base 2
-1010100010001110100111
What is -37b95 (base 15) in base 9?
-301285
Convert -102736 (base 9) to base 3.
-10002211020
Convert 3446 (base 9) to base 7.
10305
What is -4acd28 (base 15) in base 3?
-20202020201202
Convert -20047150 (base 9) to base 12.
-326a083
What is 100200013110 (base 4) in base 12?
1547470
-4ccdbb (base 14) to base 11
-1549479
668430 (base 9) to base 3
202022111000
What is 1312033003 (base 4) in base 9?
817281
-288162 (base 14) to base 5
-324431320
Convert 10010100001101110 (base 2) to base 10.
75886
100111111101101001 (base 2) to base 13
59676
-53073 (base 12) to base 7
-632433
What is 41362311 (base 7) in base 8?
15207761
What is -595021 (base 11) in base 8?
-3463126
1582a3 (base 14) to base 12
3034b3
Convert -8bd23 (base 14) to base 3.
-122021111222
What is -25535 (base 8) in base 11?
-8382
What is 257b34 (base 16) in base 12?
9a5618
ca79b (base 16) to base 5
203014324
Convert -193755 (base 10) to base 14.
-50879
What is 501233152 (base 6) in base 9?
16831575
What is 41120256 (base 7) in base 10?
3433569
What is -16476164 (base 8) in base 6?
-214053044
What is 151c3 (base 16) in base 15?
1a947
What is 110033003 (base 5) in base 13?
136500
Convert 1423138 (base 9) to base 5.
200024222
What is 120202201220211 (base 3) in base 5?
4121123141
Convert 201302211112 (base 4) to base 14.
1268182
Convert 192a18 (base 12) to base 7.
3512612
What is -24143424 (base 5) in base 11?
-143a42
Convert 1100055 (base 7) to base 5.
13300441
Convert 1343502 (base 7) to base 5.
21211300
What is 17510051 (base 8) in base 3?
21201022022221
-267283 (base 12) to base 15
-c8043
3606731 (base 9) to base 7
22414405
What is 4038f6 (base 16) in base 10?
4208886
-14008443 (base 9) to base 5
-3232234203
311303 (base 4) to base 3
11201112
212012 (base 4) to base 9
3308
20561316 (base 7) to base 6
101231250
Convert -4302134200 (base 5) to base 7.
-136451542
343152 (base 10) to base 2
1010011110001110000
What is bbe732 (base 15) in base 6?
520004132
Convert 122214041 (base 5) to base 7.
4656026
1020664 (base 7) to base 4
131332213
105340046 (base 7) to base 6
345242145
-71020 (base 15) to base 12
-153070
Convert -132410311 (base 5) to base 7.
-5455524
-10110001021 (base 3) to base 6
-1242011
4772322 (base 8) to base 9
2413035
-91093 (base 10) to base 9
-147854
What is 166886 (base 9) in base 13?
38169
What is 91371 (base 10) in base 2?
10110010011101011
What is 151814 (base 12) in base 14?
93744
2213111004 (base 5) to base 12
174330b
What is 1000010100000111101011 (base 2) in base 9?
4081716
What is -6168a0 (base 11) in base 5?
-223140021
What is 1002122120202 (base 3) in base 6?
20301545
113320313220 (base 4) to base 5
3100342443
Convert 74290 (base 10) to base 16.
12232
What is -11111111001001101001 (base 2) in base 5?
-231420342
What is 123310400 (base 5) in base 11?
382755
Convert 21acd (base 16) to base 14.
383a5
Convert -1015535 (base 9) to base 16.
-84584
What is -5410112 (base 7) in base 15?
-cee22
Convert -5353110 (base 7) to base 8.
-2370754
-24230506 (base 7) to base 5
-1023040000
-273663 (base 8) to base 3
-11212221012
What is 4105552 (base 8) in base 12?
443576
Convert -418130 (base 9) to base 2.
-111100101101111001
-104c63b (base 13) to base 4
-102331000201
What is 26094 (base 14) in base 7?
536244
What is -2608604 (base 11) in base 9?
-8450337
What is -2122243023 (base 5) in base 8?
-21110311
Convert 76141 (base 9) to base 16.
c4f3
Convert -82500 (base 12) to base 11.
-106854
Convert -8705311 (base 9) to base 13.
-c760b1
Convert -1101001211221 (base 3) to base 5.
-141321434
Convert -451394 (base 10) to base 5.
-103421034
-35a6865 (base 11) to base 8
-27740455
Convert -90d555 (base 14) to base 15.
-66512d
Convert 113223422 (base 5) to base 16.
7fd5c
4af515 (base 16) to base 7
56516611
Convert -103502340 (base 6) to base 7.
-21541623
What is -18627 (base 12) in base 2?
-1000101001111111
-81364 (base 9) to base 12
-26b7a
-12079 (base 10) to base 16
-2f2f
111100011101000101111 (base 2) to base 5
1001342400
What is 140a68 (base 12) in base 14?
8966c
What is 210211001222 (base 3) in base 7?
3435665
-61367 (base 11) to base 8
-257015
Convert 101110020111010 (base 3) to base 7.
65135211
What is -672323 (base 11) in base 2?
-100000101101011100011
-2504151 (base 7) to base 16
-4e516
Convert 12350405 (base 6) to base 14.
a6d25
What is 14223330 (base 5) in base 4?
210101232
Convert -13463026 (base 7) to base 6.
-42553301
Convert 1711d3 (base 15) to base 5.
241230143
What is 221065 (base 7) in base 11?
27179
Convert -101010100111000001111 (base 2) to base 9.
-2557246
What is -442043330 (base 5) in base 7?
-22141140
What is -385354 (base 11) in base 12?
-253592
Convert -56242a (base 11) to base 15.
-12a86e
Convert -c88444 (base 13) to base 9.
-8756321
b61a0a (base 14) to base 5
3033320044
What is -109c698 (base 13) in base 7?
-61305633
What is -1218607 (base 9) in base 14?
-1335a1
376041 (base 8) to base 9
217384
1566310 (base 7) to base 15
44a37
a4912c (base 13) to base 6
214242522
What is -65b17 (base 13) in base 15?
-398c0
What is -100220021120010 (base 3) in base 16?
-504648
What is 560456 (base 8) in base 9?
316776
537392 (base 10) to base 3
1000022011102
What is -103132201 (base 4) in base 13?
-2a409
1021110112112 (base 3) to base 6
22312322
Convert 5414001 (base 9) to base 11.
1702a81
Convert -d589 (base 16) to base 10.
-54665
-1023221121 (base 4) to base 16
-4ba59
Convert 562636 (base 9) to base 3.
122002201020
223144241 (base 5) to base 3
1212022210211
What is -276134 (base 11) in base 8?
-1515135
What is -759470 (base 11) in base 5?
-302304402
What is 2220012101112 (base 3) in base 2?
101110111110010000011
Convert -10010011100011011101101 (base 2) to base 11.
-2802713
Convert -10012300 (base 6) to base 7.
-2252331
What is 14042656 (base 8) in base 2?
1100000100010110101110
142223 (base 5) to base 16
1732
Convert 3a69a0 (base 11) to base 5.
130414443
Convert aae03d (base 16) to base 11.
6359688
What is -176162 (base 13) in base 6?
-20310415
Convert -1721aa (base 15) to base 16.
-111a75
What is -120445265 (base 7) in base 3?
-112002120010212
What is 13321132 (base 4) in base 14?
bb0a
Convert -36bc6 (base 14) to base 10.
-134042
What is 3103441 (base 5) in base 8?
142500
Convert 1110101110110000100001 (base 2) to base 9.
7235026
Convert -11001001000010101000000 (base 2) to base 5.
-3141301322
What is c176f (base 16) in base 4?
3001131233
-aa198 (base 12) to base 6
-4453112
What is -52626665 (base 7) in base 9?
-8348368
Convert 33c54 (base 13) to base 3.
11210110020
-330590 (base 15) to base 7
-26444136
Convert 534679 (base 10) to base 12.
219507
Convert -90362 (base 15) to base 4.
-1233123020
What is -112414325 (base 6) in base 7?
-23506241
Convert -10496e (base 15) to base 7.
-6405326
What is 236365 (base 10) in base 8?
715515
Convert 100101001010000110 (base 2) to base 4.
211022012
Convert 15144061 (base 7) to base 16.
15f77e
-94b25 (base 15) to base 2
-1110011001001010011
-257116b (base 12) to base 2
-11100000101101010100011
Convert -22102220102 (base 3) to base 4.
-220203332
-1aa065 (base 11) to base 3
-121022010001
What is -36163250 (base 7) in base 5?
-1310141043
What is 20000012 (base 5) in base 6?
3203225
What is 10087 (base 13) in base 14?
a640
What is 100000000000110000 (base 2) in base 3?
20122212022
What is 1656062 (base 11) in base 15?
3aa46b
-2321311300 (base 4) to base 11
-47a9a0
What is -604a28 (base 12) in base 16?
-16e8c0
Convert -249599a (base 11) to base 9.
-8124410
Convert 302022123110 (base 4) to base 11.
74717a2
-11130011311 (base 4) to base 5
-331111111
What is -804870 (base 9) in base 14?
-c5695
-82546 (base 14) to base 12
-13176a
513237 (base 8) to base 9
277618
690208 (base 14) to base 7
42241111
532033 (base 7) to base 3
11200010111
Convert -76bcd (base 16) to base 2.
-1110110101111001101
Convert -10000100100000011 (base 2) to base 13.
-24b59
What is -116b2a (base 12) in base 4?
-1010233102
What is 3c5cd (base 14) in base 5?
14234322
What is -65353 (base 12) in base 7?
-1064235
Convert -137325 (base 10) to base 15.
-2aa5